 is the remainder when 155 is divided by s(15)?
12
Suppose -w - 3*h + 99 = 0, 691 - 276 = 5*w - h. Calculate the remainder when 742 is divided by w.
70
Let j be (8/36 + (-374)/9)*3. Let g = -128 - j. Let i(q) = -27*q - 29. What is the remainder when i(g) is divided by 21?
16
Let c(q) = q**2 - 14*q - 71. What is the remainder when c(23) is divided by 23?
21
Suppose -691 + 628 = -7*t. Let o = -12 + 30. Let f = o - t. What is the remainder when 21 is divided by f?
3
Let q = 124 + -120. Suppose 4*b + 2*l = -2*l + 160, q*l - 8 = 0. What is the remainder when 112 is divided by b?
36
Suppose -98*a + 2327 + 2446 = 1245. Calculate the remainder when 459 is divided by a.
27
Let w be (-31)/(((-20)/(-15))/(-4)). Let x = w - 75. What is the remainder when 30 is divided by (-2 + 3 + 0)*(x - 1)?
13
Let t(b) be the third derivative of 11/12*b**4 + 0 + 1/120*b**6 + 0*b + 11/30*b**5 + 11/3*b**3 - 13*b**2. Calculate the remainder when 4 is divided by t(-21).
0
Let v = 4123 - 4071. Calculate the remainder when 265 is divided by v.
5
Suppose 4*m = -3*n + 76, -2*m - 10 = -6. What is the remainder when 407 is divided by (12/(-10))/(n/(-1610))?
62
Let m(l) = 10*l**2 - 6*l + 2. Let d be m(5). Suppose 149*t - 151*t = -d. What is the remainder when t is divided by 23?
19
Let y(t) = -36*t + 72. Let g be y(2). Suppose g = m + 6*m - 259. Let n = 19 + 1. Calculate the remainder when m is divided by n.
17
Let y = -3841 + 3854. Calculate the remainder when 989 is divided by y.
1
Suppose -t - t = 12. Calculate the remainder when (-3 - 12/(-8))/(138/(-4784)) is divided by (1/(-2))/(t/132).
8
Suppose 4*q = -3*z - 133, 3*z - 2*q + 53 + 56 = 0. Let b be z*-2*5/30. Suppose -12*f + b*f - 39 = 0. What is the remainder when f is divided by 20?
19
Let q(y) = y**2 + 6*y + 5. Let c be q(-4). Let j = -984 + 1122. What is the remainder when j is divided by ((-4)/c)/((-4)/(-84))?
26
Suppose 36 - 34 = v. Suppose -3*f + 52 = -v*q + q, -3*f + 77 = 4*q. Calculate the remainder when 43 is divided by f.
5
Let y(m) = 2*m**2 + 53*m - 324. Suppose -3*a - o - 2*o = -108, 3*a + o = 118. What is the remainder when a is divided by y(-32)?
13
What is the remainder when 4447 is divided by ((25/40)/(34/408))/((-10)/(-48))?
19
Suppose 3*h - 2*k + 4*k = -511, -3*k = 2*h + 334. Let r = -171 - h. Calculate the remainder when 6 is divided by r.
0
Let f = 33 + 77. Suppose -4*w - 444 = -4*n, w = 5*n - 0*w - 567. Suppose -n*c + 111*c = -168. What is the remainder when f is divided by c?
54
Suppose 3*q = 350*y - 345*y + 754, -q - 5*y = -278. Calculate the remainder when q is divided by 111.
36
Suppose -12*l + 17*l + 5445 = 0. What is the remainder when ((-5)/15)/(11/l) is divided by 12?
9
Suppose -7 = -5*g + 3. Suppose 0 = -4*i - y + 76, i - g*y + 2 = 3*y. Calculate the remainder when ((-315)/(-49) - 6)*77 is divided by i.
15
Suppose 47 = 3*q - 322. Suppose -3*f = -0*f - q. Calculate the remainder when f is divided by 19.
3
Suppose -86 = 4*s - 270. Let z(j) be the first derivative of 5*j**3/3 - 3*j**2/2 - 3*j - 23. Calculate the remainder when z(-5) is divided by s.
45
Let p be 7/((-168)/(-450)) - (-6)/(-8). Suppose -19*n = -p*n - 3. Suppose -2*a = a + 4*s - 162, 0 = -n*s + 9. What is the remainder when a is divided by 27?
23
Let c = 2010 - 1957. What is the remainder when 2168 is divided by c?
48
Let r(f) = -f**2 - 7*f + 8. Let d(k) = -2*k**2 - 8*k + 7. Let v(u) = -2*d(u) + 3*r(u). Let g = 81 + -72. What is the remainder when v(g) is divided by 16?
14
Let b be ((-52)/10 + 5)*-5. Let f(q) = 83*q**2 + 2*q - 1. Let i be f(b). What is the remainder when 62 is divided by ((-6)/(-4))/(6/i)?
20
Suppose 0 = -4*x - 5*i + 1, -7*x + 2*i + 22 = -3*x. Suppose -5*t - 2*l = -1912 + 462, x*l + 580 = 2*t. What is the remainder when t is divided by 21?
17
Let h(n) = n**3 - 15*n**2 + 8*n - 27. Suppose -5*i + 7 + 383 = 0. Let m = i + -63. What is the remainder when h(m) is divided by 19?
17
Suppose 2*u - 72 = -u. Let z(g) = 135*g - 613. Calculate the remainder when z(5) is divided by u.
14
Suppose -630*y + 704*y - 99752 = 0. Calculate the remainder when y is divided by 50.
48
Suppose -4*o = -2*y - 40 - 58, 4*y = -4*o + 80. Suppose -4*v + 4*z + 11 = -21, 0 = -4*z. What is the remainder when 84*3*v/18 is divided by o?
20
Suppose 49*f + 148*f - 11426 = 0. What is the remainder when 2143 is divided by f?
55
Let h(d) = -9*d + 50. Let q(v) = v - v**2 + 6*v**2 - 4*v - 2 + 2*v + v**3. Calculate the remainder when q(-4) is divided by h(5).
3
Let j = 61 + 164. Let w = j - 156. What is the remainder when 1034 is divided by w?
68
Let q = -27 - -21. Let h(s) = 3*s**3 + 17*s**2 - 8*s. What is the remainder when 20 is divided by h(q)?
8
Let i(m) = 54*m + 13. Let y be i(-2). Let d = -56 - y. Suppose 0*q = r + q - 191, r = 4*q + 201. What is the remainder when r is divided by d?
37
Let z be (-48)/(-21) + (-6)/(-42)*-2. Suppose -z*y - u + 52 = 0, -4*y = -0*y - 2*u - 120. Calculate the remainder when 78 is divided by y.
22
Let u(y) = 34*y**2 - 72*y - 632. What is the remainder when u(-8) is divided by 706?
2
Let w(t) = 174*t**3 - 2*t**2 + 1. Let u be w(1). Suppose 2*z - u = -23. Calculate the remainder when z is divided by (1 - -56)*(-5)/(-15).
18
Let q(g) = -12*g - g**3 + 19*g + 21*g**2 - 5*g**2. Let c(f) = f**3 + 22*f**2 - 26*f - 50. Calculate the remainder when q(16) is divided by c(-23).
17
Let r = -104 - -199. Suppose -3*s = -2*i - 101, i = 3*s - 5 - r. What is the remainder when 125 is divided by s?
26
What is the remainder when ((-170)/(-35) - (18 + -13))*7*-1741 is divided by 21?
19
What is the remainder when 150 is divided by (-34)/3*(-90)/20?
48
Let o = -879 - -527. Let q = -275 - o. Calculate the remainder when q is divided by 10.
7
Let m = 10527 - 10022. Calculate the remainder when m is divided by 161.
22
Suppose -5*p + 2*p + 9 = 0. Suppose -p*m + 150 = -0*m. Calculate the remainder when m is divided by ((-231)/(-22) + -7)*(-72)/(-14).
14
Let p(i) = 3*i - 7. Let c be p(-4). Let f = c + 34. Let o(l) = -l**3 + l**2 + 9*l. What is the remainder when o(-4) is divided by f?
14
Let v(b) = 10*b + 781. What is the remainder when v(-6) is divided by 26?
19
Let u = -20055 + 21522. Calculate the remainder when u is divided by 32.
27
Let i be 1/(1 + (-7)/14). Calculate the remainder when 93 is divided by (-19)/(-2) - (i + 7/(-2)).
5
Let x = -2963 + 3030. What is the remainder when 1537 is divided by x?
63
Suppose 2*p = 3*v + 3*p - 885, 0 = -3*v - 2*p + 888. What is the remainder when v is divided by (-18 + 4)/(-14) - (-9 - -1)?
6
Let q(a) = 23226*a**2 - 3*a - 3. Let b be q(-1). What is the remainder when (-9)/24 - (b/(-16))/7 is divided by 3?
0
Let d(h) = 5*h - 17. Let g be (8 - 2)*6/4. Suppose j + 2*u - 12 = 0, -4*j = -g*u + 6*u - 37. What is the remainder when 127 is divided by d(j)?
28
Suppose 171 = 3*r + o, 0 = 3*r + r + 2*o - 230. What is the remainder when 153 is divided by r?
41
Let q(v) be the first derivative of 7/4*v**4 + 4 - 3/2*v**2 + v - 1/3*v**3. What is the remainder when q(2) is divided by 10?
7
Calculate the remainder when 224 is divided by (-81)/(-945)*10*21.
8
Let i(h) = h**3 - 18*h**2 + 21*h - 21. Let l(m) = -8 - 2 + 2*m - 5. Let w be l(16). Calculate the remainder when i(w) is divided by 10.
7
Suppose 5*a + 60 = 8*a. Suppose -3*o = -8*o + 1595. Calculate the remainder when o is divided by a.
19
Let g(r) = r**3 - 5*r**2 - 6*r + 17. Let z be g(7). Let n = z - 64. Let c(f) = -14*f**3 - f**2 - 3*f - 2. What is the remainder when c(-1) is divided by n?
5
Let l = 893 + -817. Calculate the remainder when 209 is divided by l.
57
Let l(z) = 80*z - 448. Calculate the remainder when 1076 is divided by l(6).
20
Suppose 4*n - 8 = -4*a, -2*a + a = 3*n - 2. Calculate the remainder when 11 is divided by -5*(0 + (a - (-12)/(-5))).
1
Suppose 4*f + 9400 = 2*i, -4*f = -5*i + 10110 - 710. What is the remainder when f/(-20) - (-1)/2 is divided by 17?
16
Suppose 35*h = 26*h + 1962. Let l = 552 - h. Calculate the remainder when l is divided by 16.
14
Let v be 62/1 + (-14)/7. Let i(d) = d**3 + 10*d**2 + d - 6. What is the remainder when i(-7) is divided by v/9*45/20?
14
Let v = -456 + 919. Calculate the remainder when v is divided by 171.
121
Suppose -3*d = -8*r + 2*d + 823, -5*r + 493 = 4*d. Calculate the remainder when r is divided by 77.
24
Suppos